, 1733
List the prime factors of 436.
2, 109
What are the prime factors of 24557?
13, 1889
List the prime factors of 63447.
3, 21149
What are the prime factors of 6174?
2, 3, 7
List the prime factors of 40882.
2, 20441
List the prime factors of 14566.
2, 7283
List the prime factors of 1015.
5, 7, 29
What are the prime factors of 1084?
2, 271
List the prime factors of 972.
2, 3
What are the prime factors of 3879?
3, 431
What are the prime factors of 42384?
2, 3, 883
What are the prime factors of 67290?
2, 3, 5, 2243
List the prime factors of 8419.
8419
What are the prime factors of 73517?
73517
What are the prime factors of 1026?
2, 3, 19
List the prime factors of 216.
2, 3
List the prime factors of 5733.
3, 7, 13
What are the prime factors of 1717?
17, 101
What are the prime factors of 3313?
3313
List the prime factors of 9464.
2, 7, 13
What are the prime factors of 1271?
31, 41
List the prime factors of 3573.
3, 397
What are the prime factors of 1516?
2, 379
What are the prime factors of 128485?
5, 7, 3671
What are the prime factors of 691?
691
What are the prime factors of 32610?
2, 3, 5, 1087
What are the prime factors of 13585?
5, 11, 13, 19
What are the prime factors of 26085?
3, 5, 37, 47
What are the prime factors of 1958?
2, 11, 89
List the prime factors of 51329.
51329
List the prime factors of 1001.
7, 11, 13
What are the prime factors of 62295?
3, 5, 4153
What are the prime factors of 2249?
13, 173
List the prime factors of 6608.
2, 7, 59
What are the prime factors of 186?
2, 3, 31
What are the prime factors of 5827?
5827
What are the prime factors of 3790?
2, 5, 379
What are the prime factors of 264?
2, 3, 11
What are the prime factors of 124168?
2, 11, 17, 83
List the prime factors of 1284.
2, 3, 107
List the prime factors of 46124.
2, 13, 887
What are the prime factors of 4967?
4967
What are the prime factors of 7678?
2, 11, 349
List the prime factors of 6628.
2, 1657
List the prime factors of 4903.
4903
What are the prime factors of 36043?
7, 19, 271
What are the prime factors of 286?
2, 11, 13
List the prime factors of 12362.
2, 7, 883
List the prime factors of 7544.
2, 23, 41
What are the prime factors of 5309?
5309
List the prime factors of 7632.
2, 3, 53
What are the prime factors of 1931?
1931
What are the prime factors of 38793?
3, 67, 193
List the prime factors of 1689.
3, 563
What are the prime factors of 1049?
1049
List the prime factors of 1325.
5, 53
What are the prime factors of 470?
2, 5, 47
What are the prime factors of 23981?
23981
What are the prime factors of 1710?
2, 3, 5, 19
What are the prime factors of 20617?
53, 389
List the prime factors of 1439.
1439
What are the prime factors of 5769?
3, 641
What are the prime factors of 263?
263
What are the prime factors of 9130?
2, 5, 11, 83
List the prime factors of 176939.
7, 23, 157
List the prime factors of 12636.
2, 3, 13
List the prime factors of 97693.
211, 463
List the prime factors of 162.
2, 3
List the prime factors of 871.
13, 67
List the prime factors of 8881.
83, 107
List the prime factors of 13255.
5, 11, 241
What are the prime factors of 34597?
29, 1193
List the prime factors of 11959.
11959
List the prime factors of 12389.
13, 953
List the prime factors of 21991.
21991
List the prime factors of 1127.
7, 23
List the prime factors of 867.
3, 17
What are the prime factors of 37390?
2, 5, 3739
List the prime factors of 63947.
13, 4919
What are the prime factors of 8255?
5, 13, 127
List the prime factors of 5617.
41, 137
List the prime factors of 4884.
2, 3, 11, 37
List the prime factors of 3540.
2, 3, 5, 59
List the prime factors of 49968.
2, 3, 347
List the prime factors of 37806.
2, 3, 6301
What are the prime factors of 6950?
2, 5, 139
List the prime factors of 79.
79
What are the prime factors of 721?
7, 103
What are the prime factors of 1097?
1097
List the prime factors of 26722.
2, 31, 431
What are the prime factors of 372?
2, 3, 31
What are the prime factors of 1007?
19, 53
What are the prime factors of 131?
131
List the prime factors of 16091.
16091
What are the prime factors of 455?
5, 7, 13
List the prime factors of 591.
3, 197
List the prime factors of 54948.
2, 3, 19, 241
List the prime factors of 31724.
2, 7, 11, 103
What are the prime factors of 2393?
2393
What are the prime factors of 1441?
11, 131
List the prime factors of 23794.
2, 11897
List the prime factors of 8668.
2, 11, 197
What are the prime factors of 1643?
31, 53
List the prime factors of 2336.
2, 73
What are the prime factors of 1533?
3, 7, 73
List the prime factors of 3227.
7, 461
What are the prime factors of 243?
3
List the prime factors of 138968.
2, 29, 599
List the prime factors of 2917.
2917
List the prime factors of 12326.
2, 6163
List the prime factors of 10092.
2, 3, 29
What are the prime factors of 57351?
3, 7, 2731
What are the prime factors of 14539?
7, 31, 67
What are the prime factors of 188611?
47, 4013
What are the prime factors of 2687?
2687
List the prime factors of 899.
29, 31
What are the prime factors of 146?
2, 73
List the prime factors of 19.
19
List the prime factors of 28721.
7, 11, 373
What are the prime factors of 8669?
8669
List the prime factors of 34273.
34273
List the prime factors of 28.
2, 7
What are the prime factors of 858?
2, 3, 11, 13
What are the prime factors of 90276?
2, 3, 7523
List the prime factors of 4501.
7, 643
What are the prime factors of 6290?
2, 5, 17, 37
What are the prime factors of 944?
2, 59
List the prime factors of 1708.
2, 7, 61
What are the prime factors of 64460?
2, 5, 11, 293
What are the prime factors of 723?
3, 241
What are the prime factors of 4231?
4231
List the prime factors of 83849.
191, 439
What are the prime factors of 707?
7, 101
What are the prime factors of 8805?
3, 5, 587
What are the prime factors of 3954?
2, 3, 659
List the prime factors of 15762.
2, 3, 37, 71
List the prime factors of 4126.
2, 2063
What are the prime factors of 6076?
2, 7, 31
What are the prime factors of 403?
13, 31
List the prime factors of 1609.
1609
What are the prime factors of 1765?
5, 353
What are the prime factors of 4795?
5, 7, 137
What are the prime factors of 9421?
9421
What are the prime factors of 89804?
2, 11, 13, 157
List the prime factors of 110582.
2, 55291
What are the prime factors of 75463?
17, 23, 193
What are the prime factors of 11565?
3, 5, 257
List the prime factors of 1189.
29, 41
List the prime factors of 113343.
3, 37781
List the prime factors of 50643.
3, 17, 331
List the prime factors of 21842.
2, 67, 163
List the prime factors of 20797.
7, 2971
List the prime factors of 770.
2, 5, 7, 11
What are the prime factors of 47?
47
What are the prime factors of 36009?
3, 4001
List the prime factors of 667.
23, 29
What are the prime factors of 4492?
2, 1123
What are the prime factors of 37128?
2, 3, 7, 13, 17
List the prime factors of 29793.
3, 9931
What are the prime factors of 2067?
3, 13, 53
List the prime factors of 1651.
13, 127
List the prime factors of 73539.
3, 8171
What are the prime factors of 874?
2, 19, 23
List the prime factors of 31512.
2, 3, 13, 101
List the prime factors of 2062.
2, 1031
What are the prime factors of 21185?
5, 19, 223
What are the prime factors of 415?
5, 83
List the prime factors of 1341.
3, 149
List the prime factors of 947.
947
List the prime factors of 10417.
11, 947
What are the prime factors of 8478?
2, 3, 157
What are the prime factors of 15954?
2, 3, 2659
List the prime factors of 2217.
3, 739
List the prime factors of 254.
2, 127
List the prime factors of 71433.
3, 7937
What are the prime factors of 18910?
2, 5, 31, 61
What are the prime factors of 21587?
21587
List the prime factors of 3776.
2, 59
What are the prime factors of 1568?
2, 7
List the prime factors of 542.
2, 271
List the prime factors of 10764.
2, 3, 13, 23
What are the prime factors of 15185?
5, 3037
What are the prime factors of 17193?
3, 11, 521
List the prime factors of 2060.
2, 5, 103
List the prime factors of 22682.
2, 11, 1031
List the prime factors of 59597.
61, 977
List the prime factors of 11709.
3, 1301
List the prime factors of 10466.
2, 5233
List the prime factors of 4911.
3, 1637
List the prime factors of 12482.
2, 79
List the prime factors of 6876.
2, 3, 191
List the prime factors of 12093.
3,